(-8)/(-3))/(8/396). Let c = j - k. Calculate the greatest common factor of 11 and c.
11
Let b = -2 - -6. Suppose b*s + 12 = 0, j + 12 = -j - 4*s. Suppose -5*r - 167 + 827 = j. Calculate the highest common factor of 33 and r.
33
Let q(d) = -d**3 - 18*d**2 + 19*d + 40. Let w be q(-19). What is the highest common factor of w and 45?
5
Let j = -279 + 414. What is the greatest common factor of j and 5?
5
Let f = -26 + 39. Let l be (4 - f)/(1/(-7)). Let v = 90 - 48. What is the highest common factor of l and v?
21
Suppose 0 = -3730*j + 3747*j - 221. Calculate the greatest common divisor of 9 and j.
1
Let k(d) = 91*d + 2. Let z be k(4). Let y = -146 + z. Suppose 5*s + 34 = -4*p + 134, 3*p - 72 = -3*s. Calculate the greatest common factor of y and p.
20
Let r = 86 + -42. Calculate the highest common divisor of 110 and r.
22
Let q(j) = j**2 + 4*j - 5. Let l be q(-6). Let k(b) = b + 25. Let a be k(-27). Let d = l + a. Calculate the greatest common divisor of d and 55.
5
Suppose -4*a + a + 150 = 0. Let n = a - 35. Let b(j) = -j - 4. Let d be b(-10). What is the highest common factor of d and n?
3
Let g be (-21)/(-1) - 6/9*6. Suppose g*r + 24 = 21*r. Calculate the highest common factor of 42 and r.
6
Let l be (7/7 - 1 - -1)*37. What is the highest common divisor of l and 2368?
37
Let f(h) = -h**3 - 3*h**2 - 7*h. Let d be f(-3). What is the highest common divisor of d and 84?
21
Let w = -634 - -753. Calculate the highest common divisor of w and 1428.
119
Suppose -38*n - 567 + 1631 = 0. What is the greatest common factor of 32 and n?
4
Suppose -1722*h + 1718*h = -152. Calculate the greatest common factor of 2964 and h.
38
Let i(g) be the third derivative of 3*g**5/5 + g**4/8 - 2*g**3/3 - 12*g**2. Let r be i(1). What is the highest common factor of r and 5?
5
Suppose c - 11*r - 453 = -6*r, -3*c + 1247 = r. Suppose -5*n + 0*n + 190 = 0. Calculate the greatest common divisor of n and c.
38
Suppose -10*u + 3648 = 9*u. Calculate the greatest common divisor of 6 and u.
6
Suppose -q = -1, 0 = -2*g - 4*q - 9 + 41. Let s be -1 - 0 - g/(-1) - 2. Let c = -3 - -4. Calculate the highest common factor of c and s.
1
Let k(g) = -g + 13. Let b be k(-7). Suppose 5*r = 7*r - b. Calculate the highest common factor of r and 70.
10
Let v(z) = -3*z + 7. Let c be (-4)/(-14) - 0 - 92/28. Let i be v(c). Calculate the highest common factor of 8 and i.
8
Let b = 68 + 92. Suppose -7*n = n - b. Calculate the greatest common factor of 100 and n.
20
Let f = 43 - 41. Suppose -f*t = 51 - 81. What is the greatest common divisor of 3 and t?
3
Let m = 10 - -4. Suppose 0*n = -n + 3*c + 1, -3*n - 2*c = -m. Suppose 0 = -n*k + 41 + 135. What is the highest common factor of 11 and k?
11
Suppose 0*v + 15 = 3*v. Suppose 68 = v*y - 42. Let g = -25 + 91. What is the greatest common factor of g and y?
22
Suppose -16 = -3*a - 4*w, -20 = -3*a + 2*w - 4*w. Suppose -3*y + b - 34 = -7*y, -4*y = 2*b - 36. Calculate the highest common factor of a and y.
8
Let m be 1 + 2/(-11) + (-180)/(-22). Let u be 2 + (-2 - (1 + -3)). Let o be 2 + (66 - -2) + u. Calculate the greatest common factor of o and m.
9
Suppose 26 - 266 = -24*d. Let s(u) = u + 1. Let f be s(6). Let x(t) = t**3 - 7*t**2 + 4*t - 8. Let b be x(f). Calculate the greatest common divisor of d and b.
10
Suppose -3*j + 118 = 2*t, -1 = j + 3*t - 38. What is the greatest common divisor of 70 and j?
10
Let g(y) = y**2 - y - 1. Let x(t) = -t**2 - 13*t + 6. Let a(c) = -3*g(c) - x(c). Let o be a(7). What is the greatest common factor of o and 11?
11
Let l be (-5)/(20/(-12)) - 592/(-8). Calculate the greatest common divisor of 132 and l.
11
Suppose -2*d = 5*x - 69, -d - 5*x + 10*x = -27. Suppose 208 = z + d. Suppose p = -p + z. What is the greatest common divisor of p and 8?
8
Let x(j) = 24*j + 5. Let r be x(-5). Let f be 6/(-4)*-2*(-125)/5. Let s = f - r. Calculate the highest common divisor of s and 100.
20
Suppose -79*r = -20*r - 9145. Calculate the highest common factor of 62 and r.
31
Let b = 307 + -306. What is the highest common factor of b and 25?
1
Let k = -1 - -34. Let w = 77 - k. What is the highest common divisor of w and 4?
4
Let y be 340/100*(15 - 0). Calculate the greatest common factor of 68 and y.
17
Let z = -2 + 4. Suppose z*g = 35 - 5. Calculate the highest common divisor of 120 and g.
15
Let o(r) = -r**2 - 11*r - 2. Let j be o(-11). Let y be (102/(-4))/3*j. Calculate the highest common factor of 136 and y.
17
Let n be 3437/10 - ((-63)/(-90) - 1). Calculate the greatest common divisor of n and 387.
43
Suppose 5*a = -2*v + 11, 28*v - 27*v + 2*a - 5 = 0. Let x = -25 - -37. Calculate the greatest common factor of x and v.
3
Suppose 11*v - 95 = 10*v. Suppose 3*t = -5*r - v, 57 = -5*r + 2*r + 4*t. Let n = -14 - r. Calculate the greatest common divisor of 2 and n.
1
Suppose -13*i + 14*i = -k + 19, i = 3*k - 77. Let p(x) = x**2 + 4*x - 2. Let b be p(-5). Calculate the highest common divisor of b and k.
3
Let p(l) = -2*l**3 - 9*l**2 - 9*l - 22. Let q be p(-7). What is the highest common divisor of 22 and q?
22
Suppose 5*o + 576 = -474. Let q be ((-144)/(-28))/((-9)/o). Let t(s) = 3*s**2 + 5*s + 3. Let i be t(-3). Calculate the highest common factor of i and q.
15
Let v be (1 + 3)*(-4 + 42 - 14). Calculate the highest common divisor of v and 1104.
48
Let s be 12/3 + 10*(-4 + 3). Let o(h) = -6*h - 13. Let q be o(s). Calculate the highest common factor of 115 and q.
23
Let l(u) = -u**3 + 6*u**2 + 28. Let m be l(6). Calculate the highest common divisor of 28 and m.
28
Suppose -3*x + 4*t = -70, -2*t - 34 = -3*x - 7*t. Calculate the greatest common factor of x and 234.
18
Let j be (-234)/(-10) + (-2)/5. Let s = j + -11. Suppose 9*f - 14*f = -120. Calculate the greatest common divisor of f and s.
12
Let c(b) = b**2 + 4*b - 11. Let s be c(-5). Let o = s - -10. Suppose 4*h = o*q + 4, 4*h - 2*h - 6 = q. What is the highest common factor of 12 and q?
4
Suppose 0 = 2*b + 3*a - 31, 2*a + 12 = b - 0*b. Suppose -b*s + 3120 = s. What is the greatest common factor of s and 26?
26
Let j(s) = s**3 - s**2 - 16*s + 29. Let q be j(9). Calculate the highest common factor of q and 13.
13
Let a = 41 + -5. Let n(d) = d**3 + 3*d**2 + 10*d + 92. Let k be n(-4). Calculate the highest common factor of a and k.
36
Let a be 64077/1113 + 3/7. What is the greatest common divisor of a and 493?
29
Suppose 3008 = 2*d - 2*q + 4*q, 0 = d - 5*q - 1480. Suppose -300 = -15*s + d. Calculate the highest common divisor of s and 90.
30
Let x be 0/(2*((-6)/4 - -1)). Let c be 32 + 51 - (0 - (1 - x)). Calculate the greatest common divisor of 210 and c.
42
Suppose v - 19 + 53 = 0. Let c be v/(-8)*2 - (-1)/(-2). Calculate the greatest common divisor of 72 and c.
8
Let h be (-22)/(-5) + 18/(-45). Let x be (63/h)/(36/96). Calculate the highest common divisor of 14 and x.
14
Suppose 10*y - 442 - 438 = 0. Let x = -70 + y. What is the greatest common divisor of x and 198?
18
Let v(t) = -t**2 + 7*t + 26. Let p be v(6). Calculate the highest common divisor of 272 and p.
16
Let o be (18 + 385/(-11))*-3*13. What is the greatest common divisor of 39 and o?
39
Let n = -604 + 712. Calculate the greatest common divisor of 96 and n.
12
Let g(o) = -12*o - 1. Let w(j) = -j. Let m(q) = 2*g(q) - 14*w(q). Let a be m(-3). Calculate the highest common factor of a and 252.
28
Let k = 24 + -15. Let m be (k/(-12))/(5/(-20)). Let x be (m/9)/((-2)/(-42)). Calculate the greatest common divisor of x and 35.
7
Suppose 0 = -5*x - 2*i + 66, -x + 89 - 74 = i. Calculate the highest common divisor of x and 348.
12
Let r = -526 - -656. What is the greatest common factor of r and 110?
10
Let x(h) = 14*h + 35. Let a be x(-1). What is the greatest common factor of a and 147?
21
Let b(r) = 2*r**2 - 25*r + 15. Let w be b(12). What is the greatest common divisor of w and 69?
3
Let d = 69 + -67. Suppose d*i - 96 = -6*i. Calculate the highest common factor of i and 192.
12
Suppose -3*p + 7*p + 16 = 0. Let z(k) = -3*k**3 - 10*k**2 - k - 3. Let d be z(p). Calculate the highest common divisor of 3 and d.
3
Suppose 4*w = 850 + 878. What is the highest common factor of w and 18?
18
Let m be 1/((-1)/83) + -1. Let q be -3 + 3 - 117 - 3. Let s = m - q. Calculate the greatest common divisor of s and 9.
9
Let t be (-1516)/(-36) + (-6 + 13)/(-63). Su